{"id":311,"date":"2024-01-26T18:26:25","date_gmt":"2024-01-26T17:26:25","guid":{"rendered":"https:\/\/www.sedes.li\/exclusion-de-responsabilite\/"},"modified":"2024-01-30T21:38:52","modified_gmt":"2024-01-30T20:38:52","slug":"exclusion-de-responsabilite","status":"publish","type":"page","link":"https:\/\/www.sedes.li\/fr\/exclusion-de-responsabilite\/","title":{"rendered":"Exclusion de responsabilit\u00e9"},"content":{"rendered":"\t\t<div id=\"block-title-box-block_886cfe685f040c7318cfa029d3744ea1\" class=\"theme-block-title-box alignwide\">\n\t\t\t\t\t\t<div class=\"theme-block-title-box__inner\">\n\t\t\t\t\t\t\t\t<h1>Exclusion de responsabilit\u00e9<\/h1>\n\t\t\t\t\t\t\t\t\t\t\t\t\t\t\t<\/div>\n\t\t<\/div>\n\t\t\n<p>Sedes Treuhand Anstalt, Cura Treuinstitut, Gestionsanstalt et Central-Treuhand-Institut reg. Treuunternehmen n&rsquo;est pas responsable pour les informations et indications contenues sur son site, leur actualit\u00e9, leur exactitude et leur caract\u00e8re complet. Les informations et indications peuvent \u00eatre modifi\u00e9es \u00e0 tout moment et sans pr\u00e9avis et ne constituent pas une offre. Toute responsabilit\u00e9 de Sedes Treuhand Anstalt, Cura Treuinstitut, Gestionsanstalt et Central-Treuhand-Institut reg. Treuunternehmen pour des dommages (tant directs qu&rsquo;indirects), qui pourraient na\u00eetre de l&rsquo;utilisation de son site et de son contenu ou de liens sur son site avec des sites tiers, est exclue.<\/p>\n","protected":false},"excerpt":{"rendered":"<p>Sedes Treuhand Anstalt, Cura Treuinstitut, Gestionsanstalt et Central-Treuhand-Institut reg. Treuunternehmen n&rsquo;est pas responsable pour les [&hellip;]<\/p>\n<div class=\"wp-block-button\"><a class=\"wp-block-button__link header-more-link\" href=\"https:\/\/www.sedes.li\/fr\/exclusion-de-responsabilite\/\">Read more<\/a><\/div>\n","protected":false},"author":1,"featured_media":0,"parent":0,"menu_order":0,"comment_status":"closed","ping_status":"closed","template":"","meta":{"footnotes":""},"class_list":["post-311","page","type-page","status-publish","hentry"],"acf":[],"_links":{"self":[{"href":"https:\/\/www.sedes.li\/fr\/wp-json\/wp\/v2\/pages\/311","targetHints":{"allow":["GET"]}}],"collection":[{"href":"https:\/\/www.sedes.li\/fr\/wp-json\/wp\/v2\/pages"}],"about":[{"href":"https:\/\/www.sedes.li\/fr\/wp-json\/wp\/v2\/types\/page"}],"author":[{"embeddable":true,"href":"https:\/\/www.sedes.li\/fr\/wp-json\/wp\/v2\/users\/1"}],"replies":[{"embeddable":true,"href":"https:\/\/www.sedes.li\/fr\/wp-json\/wp\/v2\/comments?post=311"}],"version-history":[{"count":3,"href":"https:\/\/www.sedes.li\/fr\/wp-json\/wp\/v2\/pages\/311\/revisions"}],"predecessor-version":[{"id":314,"href":"https:\/\/www.sedes.li\/fr\/wp-json\/wp\/v2\/pages\/311\/revisions\/314"}],"wp:attachment":[{"href":"https:\/\/www.sedes.li\/fr\/wp-json\/wp\/v2\/media?parent=311"}],"curies":[{"name":"wp","href":"https:\/\/api.w.org\/{rel}","templated":true}]}}

Exclusion de responsabilité

<div id="block-title-box-block_886cfe685f040c7318cfa029d3744ea1" class="theme-block-title-box alignwide">
						<div class="theme-block-title-box__inner">
								<h1>Exclusion de responsabilité</h1>
															</div>
		</div>
		
<p>Sedes Treuhand Anstalt, Cura Treuinstitut, Gestionsanstalt et Central-Treuhand-Institut reg. Treuunternehmen n&rsquo;est pas responsable pour les informations et indications contenues sur son site, leur actualité, leur exactitude et leur caractère complet. Les informations et indications peuvent être modifiées à tout moment et sans préavis et ne constituent pas une offre. Toute responsabilité de Sedes Treuhand Anstalt, Cura Treuinstitut, Gestionsanstalt et Central-Treuhand-Institut reg. Treuunternehmen pour des dommages (tant directs qu&rsquo;indirects), qui pourraient naître de l&rsquo;utilisation de son site et de son contenu ou de liens sur son site avec des sites tiers, est exclue.</p>
